{"id":757,"date":"2018-06-28T17:25:11","date_gmt":"2018-06-28T20:25:11","guid":{"rendered":"https:\/\/isfdgralacha-lpa.infd.edu.ar\/sitio\/plan-de-estudios-2\/"},"modified":"2021-11-18T20:33:01","modified_gmt":"2021-11-18T23:33:01","slug":"plan-de-estudios-2","status":"publish","type":"page","link":"https:\/\/isfdgralacha-lpa.infd.edu.ar\/sitio\/plan-de-estudios-2\/","title":{"rendered":"Especializaci\u00f3n Docente de Nivel Superior: Trayecto de Fortalecimiento en la Educaci\u00f3n de J\u00f3venes y Adultos"},"content":{"rendered":"\n<p><\/p>\n\n\n\n<p><strong>Estructura Curricular<\/strong><\/p>\n\n\n\n<figure class=\"wp-block-table\"><table><tbody><tr><td><strong>M\u00f3dulos<\/strong><\/td><td><strong>Carga Horaria reloj Total<\/strong><\/td><td><strong>Carga Horaria reloj Presencial<\/strong><\/td><td><strong>Carga Horaria reloj&nbsp; (No Presencial)<\/strong><\/td><\/tr><tr><td><strong><em>1\u00ba Cuatrimestre<\/em><\/strong><\/td><\/tr><tr><td>La educaci\u00f3n de j\u00f3venes y adultos<\/td><td>40<\/td><td>&#8212;<\/td><td>40<\/td><\/tr><tr><td>Did\u00e1ctica General &#8211; El campo curricular en la EPJA y la ense\u00f1anza en J\u00f3venes y Adultos<\/td><td>64<\/td><td>&#8212;<\/td><td>64<\/td><\/tr><tr><td>Seminario de Pr\u00e1ctica I<\/td><td>48<\/td><td>38<\/td><td>10<\/td><\/tr><tr><td><strong><em>2\u00ba Cuatrimestre<\/em><\/strong><\/td><\/tr><tr><td>Did\u00e1ctica para la Educaci\u00f3n de J\u00f3venes y Adultos<\/td><td>64<\/td><td>&#8212;<\/td><td>64<\/td><\/tr><tr><td>Trayectorias Educativas en la EPJA<\/td><td>40<\/td><td>&#8212;<\/td><td>40<\/td><\/tr><tr><td>Metodolog\u00edas de la ense\u00f1anza<\/td><td>40<\/td><td>&#8212;<\/td><td>40<\/td><\/tr><tr><td>Seminario de Pr\u00e1ctica II<\/td><td>40<\/td><td>30<\/td><td>10<\/td><\/tr><tr><td><strong><em>3\u00ba Cuatrimestre<\/em><\/strong><\/td><\/tr><tr><td>Investigaci\u00f3n, Elaboraci\u00f3n y Evaluaci\u00f3n de Proyectos Socio educativos en la EPJA.<\/td><td>40<\/td><td>&#8212;<\/td><td>40<\/td><\/tr><tr><td>Educaci\u00f3n, Trabajo y Ciudadan\u00eda<\/td><td>40<\/td><td>&#8212;<\/td><td>40<\/td><\/tr><tr><td>Seminario de Pr\u00e1ctica III<\/td><td>80<\/td><td>60<\/td><td>20<\/td><\/tr><tr><td><strong>Carga horaria TOTAL:<\/strong> <strong>&nbsp;<\/strong><\/td><td><strong>496<\/strong><\/td><td><strong>128<\/strong><\/td><td><strong>368<\/strong><\/td><\/tr><\/tbody><\/table><\/figure>\n","protected":false},"excerpt":{"rendered":"<p>Estructura Curricular M\u00f3dulos Carga Horaria reloj Total Carga Horaria reloj Presencial Carga Horaria reloj&nbsp; (No Presencial) 1\u00ba Cuatrimestre La educaci\u00f3n de j\u00f3venes y adultos 40 &#8212; 40 Did\u00e1ctica General &#8211; El campo curricular en la EPJA y la ense\u00f1anza en J\u00f3venes y Adultos 64 &#8212; 64 Seminario de Pr\u00e1ctica I 48 38 10 2\u00ba Cuatrimestre &#8230; <a title=\"Especializaci\u00f3n Docente de Nivel Superior: Trayecto de Fortalecimiento en la Educaci\u00f3n de J\u00f3venes y Adultos\" class=\"read-more\" href=\"https:\/\/isfdgralacha-lpa.infd.edu.ar\/sitio\/plan-de-estudios-2\/\" aria-label=\"More on Especializaci\u00f3n Docente de Nivel Superior: Trayecto de Fortalecimiento en la Educaci\u00f3n de J\u00f3venes y Adultos\">[+]<\/a><\/p>\n","protected":false},"author":12,"featured_media":0,"parent":0,"menu_order":0,"comment_status":"closed","ping_status":"closed","template":"","meta":[],"acf":[],"_links":{"self":[{"href":"https:\/\/isfdgralacha-lpa.infd.edu.ar\/sitio\/wp-json\/wp\/v2\/pages\/757"}],"collection":[{"href":"https:\/\/isfdgralacha-lpa.infd.edu.ar\/sitio\/wp-json\/wp\/v2\/pages"}],"about":[{"href":"https:\/\/isfdgralacha-lpa.infd.edu.ar\/sitio\/wp-json\/wp\/v2\/types\/page"}],"author":[{"embeddable":true,"href":"https:\/\/isfdgralacha-lpa.infd.edu.ar\/sitio\/wp-json\/wp\/v2\/users\/12"}],"replies":[{"embeddable":true,"href":"https:\/\/isfdgralacha-lpa.infd.edu.ar\/sitio\/wp-json\/wp\/v2\/comments?post=757"}],"version-history":[{"count":1,"href":"https:\/\/isfdgralacha-lpa.infd.edu.ar\/sitio\/wp-json\/wp\/v2\/pages\/757\/revisions"}],"predecessor-version":[{"id":842,"href":"https:\/\/isfdgralacha-lpa.infd.edu.ar\/sitio\/wp-json\/wp\/v2\/pages\/757\/revisions\/842"}],"wp:attachment":[{"href":"https:\/\/isfdgralacha-lpa.infd.edu.ar\/sitio\/wp-json\/wp\/v2\/media?parent=757"}],"curies":[{"name":"wp","href":"https:\/\/api.w.org\/{rel}","templated":true}]}}