{"id":768,"date":"2018-06-28T17:25:15","date_gmt":"2018-06-28T20:25:15","guid":{"rendered":"https:\/\/isfdgralacha-lpa.infd.edu.ar\/sitio\/calendario-academico-2\/"},"modified":"2021-11-18T20:27:46","modified_gmt":"2021-11-18T23:27:46","slug":"calendario-academico-2","status":"publish","type":"page","link":"https:\/\/isfdgralacha-lpa.infd.edu.ar\/sitio\/calendario-academico-2\/","title":{"rendered":"Actualizaci\u00f3n Acad\u00e9mica en Evaluaci\u00f3n Formativa"},"content":{"rendered":"<p>\u00a0<\/p>\n<p><strong>Estructura curricular<\/strong><\/p>\n<table width=\"667\">\n<tbody>\n<tr>\n<td rowspan=\"2\" width=\"128\">\n<p>UNIDAD CURRICULAR<\/p>\n<\/td>\n<td rowspan=\"2\" width=\"83\">\n<p>TIPO DE UNIDAD CURRICULAR<\/p>\n<\/td>\n<td rowspan=\"2\" width=\"103\">\n<p>\u00a0<\/p>\n<p>DURACI\u00d3N<\/p>\n<p>\u00a0<\/p>\n<\/td>\n<td rowspan=\"2\" width=\"106\">\n<p>\u00a0<\/p>\n<p>HS C\u00c1TEDRA DOCENTE<\/p>\n<\/td>\n<td colspan=\"3\" width=\"247\">\n<p>HS RELOJ ALUMNO<\/p>\n<\/td>\n<\/tr>\n<tr>\n<td width=\"80\">\n<p>HS PRESENCIALES<\/p>\n<\/td>\n<td width=\"79\">\n<p>HS A DISTANCIA<\/p>\n<\/td>\n<td width=\"88\">\n<p>TOTAL<\/p>\n<\/td>\n<\/tr>\n<tr>\n<td width=\"128\">\n<p>Enfoques Contempor\u00e1neos y perspectivas pol\u00edticas de la evaluaci\u00f3n.<\/p>\n<\/td>\n<td width=\"83\">\n<p>Seminario<\/p>\n<\/td>\n<td width=\"103\">\n<p>Cuatrimestral<\/p>\n<\/td>\n<td width=\"106\">\n<p>\u00a0<\/p>\n<p>\u00a0<\/p>\n<\/td>\n<td width=\"80\">\n<p>\u00a0&#8212;&#8212;-<\/p>\n<\/td>\n<td width=\"79\">\n<p><strong>60<\/strong><\/p>\n<\/td>\n<td width=\"88\">\n<p><strong>60<\/strong><\/p>\n<\/td>\n<\/tr>\n<tr>\n<td width=\"128\">\n<p>Ense\u00f1anza y evaluaci\u00f3n<\/p>\n<\/td>\n<td width=\"83\">\n<p>\u00a0Ateneo<\/p>\n<\/td>\n<td width=\"103\">\n<p>Cuatrimestral<\/p>\n<\/td>\n<td width=\"106\">\n<p>\u00a0<\/p>\n<\/td>\n<td width=\"80\">\n<p>&#8212;&#8212;-<\/p>\n<\/td>\n<td width=\"79\">\n<p><strong>60<\/strong><\/p>\n<\/td>\n<td width=\"88\">\n<p><strong>60<\/strong><\/p>\n<\/td>\n<\/tr>\n<tr>\n<td width=\"128\">\n<p>Taller de instrumentos y estrategias de evaluaci\u00f3n<\/p>\n<\/td>\n<td width=\"83\">\n<p>\u00a0Taller<\/p>\n<p>\u00a0<\/p>\n<\/td>\n<td width=\"103\">\n<p>\u00a0 Anual<\/p>\n<\/td>\n<td width=\"106\">\n<p>\u00a0<\/p>\n<p>\u00a0<\/p>\n<\/td>\n<td width=\"80\">\n<p><strong>40<\/strong><\/p>\n<\/td>\n<td width=\"79\">\n<p><strong>40<\/strong><\/p>\n<\/td>\n<td width=\"88\">\n<p><strong>80<\/strong><\/p>\n<\/td>\n<\/tr>\n<tr>\n<td width=\"128\">\n<p>Trabajo final Integrador<\/p>\n<\/td>\n<td width=\"83\">\n<p>Total<\/p>\n<\/td>\n<td width=\"103\">\n<p>\u00a0\u00a0 Bimestral<\/p>\n<\/td>\n<td width=\"106\">\n<p>\u00a0<\/p>\n<\/td>\n<td width=\"80\">\n<p>\u00a0\u00a0\u00a0\u00a0\u00a0\u00a0\u00a0 <strong>5<\/strong><\/p>\n<\/td>\n<td width=\"79\">\n<p><strong>15<\/strong><\/p>\n<\/td>\n<td width=\"88\">\n<p><strong>20<\/strong><\/p>\n<\/td>\n<\/tr>\n<tr>\n<td colspan=\"7\" width=\"667\">\n<p><strong>CARGA HORARIA TOTAL DE LA ACTUALIZACI\u00d3N:\u00a0\u00a0\u00a0\u00a0\u00a0\u00a0\u00a0\u00a0\u00a0\u00a0\u00a0\u00a0\u00a0\u00a0\u00a0\u00a0\u00a0\u00a0\u00a0\u00a0\u00a0\u00a0\u00a0\u00a0\u00a0\u00a0\u00a0\u00a0\u00a0\u00a0\u00a0\u00a0\u00a0\u00a0\u00a0\u00a0\u00a0\u00a0\u00a0\u00a0\u00a0\u00a0\u00a0\u00a0\u00a0\u00a0 220 horas reloj<\/strong><\/p>\n<\/td>\n<\/tr>\n<\/tbody>\n<\/table>\n\n\n<p><\/p>\n","protected":false},"excerpt":{"rendered":"<p>\u00a0 Estructura curricular UNIDAD CURRICULAR TIPO DE UNIDAD CURRICULAR \u00a0 DURACI\u00d3N \u00a0 \u00a0 HS C\u00c1TEDRA DOCENTE HS RELOJ ALUMNO HS PRESENCIALES HS A DISTANCIA TOTAL Enfoques Contempor\u00e1neos y perspectivas pol\u00edticas de la evaluaci\u00f3n. Seminario Cuatrimestral \u00a0 \u00a0 \u00a0&#8212;&#8212;- 60 60 Ense\u00f1anza y evaluaci\u00f3n \u00a0Ateneo Cuatrimestral \u00a0 &#8212;&#8212;- 60 60 Taller de instrumentos y estrategias de &#8230; <a title=\"Actualizaci\u00f3n Acad\u00e9mica en Evaluaci\u00f3n Formativa\" class=\"read-more\" href=\"https:\/\/isfdgralacha-lpa.infd.edu.ar\/sitio\/calendario-academico-2\/\" aria-label=\"More on Actualizaci\u00f3n Acad\u00e9mica en Evaluaci\u00f3n Formativa\">[+]<\/a><\/p>\n","protected":false},"author":12,"featured_media":0,"parent":0,"menu_order":0,"comment_status":"closed","ping_status":"closed","template":"","meta":[],"acf":[],"_links":{"self":[{"href":"https:\/\/isfdgralacha-lpa.infd.edu.ar\/sitio\/wp-json\/wp\/v2\/pages\/768"}],"collection":[{"href":"https:\/\/isfdgralacha-lpa.infd.edu.ar\/sitio\/wp-json\/wp\/v2\/pages"}],"about":[{"href":"https:\/\/isfdgralacha-lpa.infd.edu.ar\/sitio\/wp-json\/wp\/v2\/types\/page"}],"author":[{"embeddable":true,"href":"https:\/\/isfdgralacha-lpa.infd.edu.ar\/sitio\/wp-json\/wp\/v2\/users\/12"}],"replies":[{"embeddable":true,"href":"https:\/\/isfdgralacha-lpa.infd.edu.ar\/sitio\/wp-json\/wp\/v2\/comments?post=768"}],"version-history":[{"count":1,"href":"https:\/\/isfdgralacha-lpa.infd.edu.ar\/sitio\/wp-json\/wp\/v2\/pages\/768\/revisions"}],"predecessor-version":[{"id":841,"href":"https:\/\/isfdgralacha-lpa.infd.edu.ar\/sitio\/wp-json\/wp\/v2\/pages\/768\/revisions\/841"}],"wp:attachment":[{"href":"https:\/\/isfdgralacha-lpa.infd.edu.ar\/sitio\/wp-json\/wp\/v2\/media?parent=768"}],"curies":[{"name":"wp","href":"https:\/\/api.w.org\/{rel}","templated":true}]}}